are the prime factors of 12*(k + 2)/2?
2, 3
Suppose 2*c - g - 3*g = 46, 4*g - 128 = -4*c. What are the prime factors of c?
29
Suppose 2 = 2*u - 8. Let w = u - 5. List the prime factors of w - (-15 + 3/1).
2, 3
Suppose w = 3*w + 4*k - 428, 4*k = 2*w - 444. What are the prime factors of w?
2, 109
Let b be 0/(1/2*-2). Let h = 7 - b. Suppose -2*j = 1 - h. What are the prime factors of j?
3
Let u(z) = 2*z + 6. Let v be u(-4). Let i(k) = 7*k**2 + 2*k - 1. Let y be i(v). Suppose 4*t - y = 41. List the prime factors of t.
2
Suppose 5*u - 236 = -86. Suppose 0 = 3*h - 0*h - u. What are the prime factors of h?
2, 5
Suppose 4*f = -f + 30. What are the prime factors of 147/f - (-12)/8?
2, 13
Let f(h) = h**3 + 14*h**2 + 12*h - 2. What are the prime factors of f(-13)?
11
Suppose -3*s - 17 = -2. Let t = -2 - s. What are the prime factors of 9 + (1 - 1)/t?
3
Suppose 475 = 3*n + 16. What are the prime factors of n?
3, 17
Suppose 3*k - 8*k = -15. Suppose 2*u + 19 = k*z, u = -4*z - 8 + 37. List the prime factors of z.
7
Suppose 5*o - 2*o = 36. Suppose -13*c + o*c + 13 = 0. List the prime factors of c.
13
Let l(x) be the third derivative of x**5/60 + 4*x**3/3 - x**2. What are the prime factors of l(0)?
2
Let k(r) = r + 10. Suppose g + 4*f = 8, -3*g + 5*f - 28 = -2*g. Let i be k(g). Suppose 2*y + 5 = -5*z, y + 19 = 6*y + i*z. What are the prime factors of y?
5
Suppose 6 - 1 = k. Suppose f = k + 22. Suppose 2*j = 5*j - f. List the prime factors of j.
3
Let s be (1 - -9)*12/15. Suppose x + 0*x = s. What are the prime factors of x?
2
Suppose 0 = -b + 2*m + 12, -b - 2*m + 24 = 4*b. Let t = 20 + -16. Let k = t + b. List the prime factors of k.
2, 5
Let w(t) = -t**2 + t + 6. Let i be w(-5). Let k = 53 + i. List the prime factors of k.
29
Let i = 25 - 15. Suppose 0 = -4*y - 2 + i. What are the prime factors of y?
2
Let f(v) = -v**2 + 17*v - 7. Let o be f(13). Suppose -c - o = -2*c. List the prime factors of c.
3, 5
Suppose 493 = 6*r - 59. What are the prime factors of r?
2, 23
Let t(x) = x**2 + 11*x + 15. Suppose -12 = 5*i + 38. What are the prime factors of t(i)?
5
Let k(i) = 27*i - 8. List the prime factors of k(6).
2, 7, 11
Let t be (1 - (-2)/4)*2. Suppose -3*d = -2*x - 16, -t*d + x = -3 - 8. Suppose -d*r + 3 + 3 = 0. What are the prime factors of r?
3
Let h(r) = -12*r**2 - 6*r. Let q(f) = -13*f**2 - 5*f. Let z(l) = 3*h(l) - 4*q(l). Let i be z(-2). Suppose -5*o = -o - i. List the prime factors of o.
3, 5
Suppose -4*w - 84 = 28. Let r = w + 43. List the prime factors of r.
3, 5
Let i = -14 - -18. What are the prime factors of i?
2
Suppose -y + 3*v + 200 = 0, 2*y = -y + 2*v + 607. What are the prime factors of y?
7, 29
Let s(f) = -f**3 + 2*f**2 - 3. What are the prime factors of s(-4)?
3, 31
Let s(b) = 5*b - 3. Let n be s(-5). What are the prime factors of 3/((-6)/n) + -2?
2, 3
Let b = -65 - -72. List the prime factors of b.
7
Let n(z) = z + 7. Let y be n(-4). Suppose k = y*k - 92. List the prime factors of k.
2, 23
Let k(x) = x**3 - 2*x**2 - 2*x - 5. List the prime factors of k(5).
2, 3, 5
Let i be -5 + 0 + 0 + 0. Let s = -2 - i. List the prime factors of s.
3
Let c(y) = y + 1. Let a be c(-1). What are the prime factors of 24 - -3 - a - 0?
3
Let w be (-14)/(-4) + (-1)/(-2). Suppose -t + w*t - 57 = 0. List the prime factors of t.
19
Let a = 7 - 11. Let y(b) = b**2 + 5*b + 6. Let n be y(a). What are the prime factors of 2 - (-54)/(n - -1)?
2, 5
What are the prime factors of 3 + -1 - (-275 - -21)?
2
What are the prime factors of 4 + -1 - 1 - (-28)/14?
2
Let o(k) = -4*k - 86. List the prime factors of o(-32).
2, 3, 7
Let i(z) = z**2 + 4*z + 1 - z + 0*z + 0*z. Let r be i(-1). List the prime factors of (r/(2/(-22)))/1.
11
Suppose -4*h = -2*r - r + 70, -4*h = 2*r - 80. List the prime factors of r.
2, 3, 5
Suppose 5*g - 20 = 0, 4*b = 4*g + 18 - 90. Let w = b + 10. Let m = 3 - w. What are the prime factors of m?
7
Let k(q) = -2*q + 3*q - 3*q + 0*q. List the prime factors of k(-5).
2, 5
Let q(l) be the first derivative of l**3/3 + 2*l**2 - 2*l + 1. Let n be q(-5). Suppose -k + n*i + 13 = -4, -i + 31 = 3*k. List the prime factors of k.
11
Let w(l) = -l**2 + 4 + 0*l**2 + 0 + 1. What are the prime factors of w(0)?
5
Suppose -2*b - 19 = -4*f + f, 14 = -4*b - 2*f. Let w = 7 - 14. Let q = b - w. What are the prime factors of q?
2
Suppose 180 = -10*o + 13*o. What are the prime factors of o?
2, 3, 5
Let r(p) = p**3 + 11*p**2 + 9*p - 8. Let q be 410/(-40) + 1/4. Let j be r(q). Suppose 12 - 44 = -j*n. What are the prime factors of n?
2
Suppose -2*h - 2*l = -86, -l = -h + 4*l + 31. Let b(s) = -s**3 + s**2 - s - 22. Let n be b(0). Let z = n + h. What are the prime factors of z?
19
Let n = 32 - 1. List the prime factors of n.
31
Suppose 2*f + 3*f + 25 = 0, -75 = 5*n - 4*f. Let g = 7 - n. What are the prime factors of g?
2, 13
Let d(i) = -8*i**2 - 5*i + 3. Let z(k) = 7*k**2 + 5*k - 2. Let j(w) = 6*d(w) + 7*z(w). Let b be j(-4). Suppose 8*g - 4*g - 24 = b. List the prime factors of g.
2, 3
Let d(i) = 4*i**3 - 2*i**2 + 2*i. What are the prime factors of d(1)?
2
Suppose -3*k + 6*k - 18 = 0. Suppose -3*p + k = -6. Suppose -15 = -5*q, 2*i - p*q + q - 9 = 0. What are the prime factors of i?
3
Let g be (-8)/4*(-2 + 0). Suppose 3*k = -3, -27 = -3*d + g*k + 19. Let i = 34 - d. What are the prime factors of i?
2, 5
Suppose 5*m - 6 = 14. Suppose 3*j - j - 4 = 0. Suppose m*s = -4*p, -j*s = 2*s + 16. What are the prime factors of p?
2
Let l(i) = -i**2 + 13*i + 11. List the prime factors of l(8).
3, 17
Let z = 3 - -9. Let q = -6 + z. Suppose 0 = t + 3, -2*v = -q*v - 2*t + 14. List the prime factors of v.
5
Let t(o) = -o**3 + 10*o**2 + 2*o - 16. List the prime factors of t(9).
83
Let g be 3/((-2)/(-4)*-2). Let d(s) = s**2 + 3*s + 3. Let y be d(g). Suppose 0 = -2*p - y*c + 13 + 2, -c = -5*p + 12. What are the prime factors of p?
3
Let d(b) = -7*b - 12. Let q be d(-9). Suppose -t + q = 2*t. List the prime factors of t.
17
Suppose 0*s - 3*s = y + 5, 4*y + 2*s - 10 = 0. List the prime factors of (-2)/3*(y - 25).
2, 7
Suppose -125 = -3*t - 4*a, -4*a = 3*t - a - 126. List the prime factors of t.
43
What are the prime factors of (-1 - -22) + 4 + -4?
3, 7
Let q(p) = p. Let v(w) = -w - 1. Let i(j) = 2*q(j) + v(j). List the prime factors of i(6).
5
Let g be ((-30)/(-24))/((-2)/(-16)). List the prime factors of (g + -12)*(-11)/2.
11
Let q = -3 + 15. Suppose -7*m = -10*m + q. What are the prime factors of m?
2
Let i be ((-18)/4)/3*-2. Suppose -i*f = c + 2*c - 69, c - 27 = 3*f. List the prime factors of c.
2, 3
Let n(w) = w**2 - 16*w - 8. List the prime factors of n(18).
2, 7
Let q = 85 - 6. List the prime factors of q.
79
Let m = -38 - -18. Let t = m - -32. What are the prime factors of t?
2, 3
Let j = 2 + -2. Let a(m) = -m**3 - 10*m**2 - 8*m + 13. Let q be a(-9). Suppose -w + 0*z + q = -4*z, -4*w - z + 67 = j. List the prime factors of w.
2
What are the prime factors of (-129)/2*(-5 + (-44)/(-12))?
2, 43
Let j be (0 + 1)/(-1 - -2). Let k be (3 + -2)*(10 - j). Suppose -2 = q - k. List the prime factors of q.
7
Let k(b) = -6*b - 57. List the prime factors of k(-12).
3, 5
Let i(a) = -2*a - 4*a + 3*a + 3. Let p be i(7). Let c = p + 26. What are the prime factors of c?
2
Let n(k) = -41*k**3 - 2*k**2 + 1. Let j be n(-1). Suppose -5*p - 8 + 3 = 0, -5*p = 3*b - j. What are the prime factors of b?
3, 5
Suppose 388 + 237 = 5*h. List the prime factors of h.
5
Let g = -45 - -114. List the prime factors of g.
3, 23
Suppose -35 = -2*q - 4*k + 87, -4*k + 57 = q. List the prime factors of q.
5, 13
Let r(w) = 13*w**2 + w - 2. List the prime factors of r(1).
2, 3
Let a = -19 - -38. List the prime factors of a.
19
What are the prime factors of -1 - ((-1500)/9 - 4/(-6))?
3, 5, 11
Let g(u) = -u**3 - 10*u**2 - 10*u - 1. Let m be g(-9). Suppose c + z = 2 + m, -3*c + 70 = -5*z. List the prime factors of c.
3, 5
Suppose -60 = -4*y - 4*q, 5*y - 16 = q + 35. Let m = -15 + 7. Let z = m + y. What are the prime factors of z?
3
Let u = -4 + 7. Suppose -4*h + u = -13. Suppose -h*q + q = -39. What are the prime factors of q?
13
Let f = -3 - 0. Let d(i) = -4*i - 2. What are the prime factors of d(f)?
2, 5
Let u(o) = o + 2. Let x = 10 - 4. Let y be u(x). Suppose -y - 4 = -4*d. What are the prime factors of d?
3
Suppose a + 0 = 2. Suppose -a*o + 3*v